{"id":80,"date":"2022-01-21T19:13:03","date_gmt":"2022-01-21T19:13:03","guid":{"rendered":"https:\/\/casagoni.com.ar\/?page_id=80"},"modified":"2025-09-08T17:21:28","modified_gmt":"2025-09-08T17:21:28","slug":"mouse","status":"publish","type":"page","link":"https:\/\/casagoni.com.ar\/index.php\/mouse\/","title":{"rendered":"Mouse"},"content":{"rendered":"\n<p class=\"has-text-align-center\" style=\"font-size:30px\"><strong>LOGITECH<\/strong><\/p>\n\n\n\n<p><\/p>\n\n\n\n<div class=\"wp-block-media-text alignwide is-stacked-on-mobile\"><figure class=\"wp-block-media-text__media\"><img loading=\"lazy\" decoding=\"async\" width=\"629\" height=\"994\" src=\"https:\/\/casagoni.com.ar\/wp-content\/uploads\/2022\/08\/D_NQ_NP_2X_918568-MLA32146214305_092019-F.webp\" alt=\"\" class=\"wp-image-259 size-full\" srcset=\"https:\/\/casagoni.com.ar\/wp-content\/uploads\/2022\/08\/D_NQ_NP_2X_918568-MLA32146214305_092019-F.webp 629w, https:\/\/casagoni.com.ar\/wp-content\/uploads\/2022\/08\/D_NQ_NP_2X_918568-MLA32146214305_092019-F-190x300.webp 190w\" sizes=\"auto, (max-width: 629px) 100vw, 629px\" \/><\/figure><div class=\"wp-block-media-text__content\">\n<p><strong>LOGITECH M280 INALAMBRICO<\/strong><\/p>\n\n\n\n<ul class=\"wp-block-list\">\n<li><strong>Contiene usb inal\u00e1mbrico.<\/strong><\/li>\n\n\n\n<li><strong>Orientaci\u00f3n de la mano: ambidiestro.<\/strong><\/li>\n\n\n\n<li><strong>Posee rueda de desplazamiento.<\/strong><\/li>\n\n\n\n<li><strong>Cuenta con 3 botones para un mayor control.<\/strong><\/li>\n\n\n\n<li><strong>Cuenta con interruptor de ahorro de energ\u00eda.<\/strong><\/li>\n\n\n\n<li><strong>Con sensor \u00f3ptico.<\/strong><\/li>\n\n\n\n<li><strong>Resoluci\u00f3n de 1000dpi.<\/strong><\/li>\n\n\n\n<li><strong>Creado para llevar a todas partes.<\/strong><\/li>\n\n\n\n<li><strong>Control inteligente y navegaci\u00f3n f\u00e1cil.<\/strong><\/li>\n<\/ul>\n<\/div><\/div>\n\n\n\n<div style=\"height:100px\" aria-hidden=\"true\" class=\"wp-block-spacer\"><\/div>\n\n\n\n<div class=\"wp-block-media-text alignwide has-media-on-the-right is-stacked-on-mobile\"><div class=\"wp-block-media-text__content\">\n<p><strong>LOGITECH M170 INALAMBRICO<\/strong><\/p>\n\n\n\n<ul class=\"wp-block-list\">\n<li><strong>Contiene usb inal\u00e1mbrico.<\/strong><\/li>\n\n\n\n<li><strong>Orientaci\u00f3n de la mano: ambidiestro.<\/strong><\/li>\n\n\n\n<li><strong>Posee rueda de desplazamiento.<\/strong><\/li>\n\n\n\n<li><strong>Cuenta con 3 botones para un mayor control.<\/strong><\/li>\n\n\n\n<li><strong>Cuenta con interruptor de ahorro de energ\u00eda.<\/strong><\/li>\n\n\n\n<li><strong>Con sensor \u00f3ptico.<\/strong><\/li>\n\n\n\n<li><strong>Resoluci\u00f3n de 1000dpi.<\/strong><\/li>\n\n\n\n<li><strong>Creado para llevar a todas partes.<\/strong><\/li>\n\n\n\n<li><strong>Control inteligente y navegaci\u00f3n f\u00e1cil.<\/strong><\/li>\n<\/ul>\n<\/div><figure class=\"wp-block-media-text__media\"><img loading=\"lazy\" decoding=\"async\" width=\"673\" height=\"1024\" src=\"https:\/\/casagoni.com.ar\/wp-content\/uploads\/2022\/08\/D_NQ_NP_2X_744609-MLA32854739285_112019-F-673x1024.webp\" alt=\"\" class=\"wp-image-261 size-full\" srcset=\"https:\/\/casagoni.com.ar\/wp-content\/uploads\/2022\/08\/D_NQ_NP_2X_744609-MLA32854739285_112019-F-673x1024.webp 673w, https:\/\/casagoni.com.ar\/wp-content\/uploads\/2022\/08\/D_NQ_NP_2X_744609-MLA32854739285_112019-F-197x300.webp 197w, https:\/\/casagoni.com.ar\/wp-content\/uploads\/2022\/08\/D_NQ_NP_2X_744609-MLA32854739285_112019-F.webp 676w\" sizes=\"auto, (max-width: 673px) 100vw, 673px\" \/><\/figure><\/div>\n\n\n\n<div style=\"height:100px\" aria-hidden=\"true\" class=\"wp-block-spacer\"><\/div>\n\n\n\n<div class=\"wp-block-media-text alignwide is-stacked-on-mobile\"><figure class=\"wp-block-media-text__media\"><img loading=\"lazy\" decoding=\"async\" width=\"492\" height=\"946\" src=\"https:\/\/casagoni.com.ar\/wp-content\/uploads\/2022\/08\/D_NQ_NP_2X_750975-MLA50823135813_072022-F.webp\" alt=\"\" class=\"wp-image-263 size-full\" srcset=\"https:\/\/casagoni.com.ar\/wp-content\/uploads\/2022\/08\/D_NQ_NP_2X_750975-MLA50823135813_072022-F.webp 492w, https:\/\/casagoni.com.ar\/wp-content\/uploads\/2022\/08\/D_NQ_NP_2X_750975-MLA50823135813_072022-F-156x300.webp 156w\" sizes=\"auto, (max-width: 492px) 100vw, 492px\" \/><\/figure><div class=\"wp-block-media-text__content\">\n<p><strong>LOGITECH M110 SILENT USB<\/strong><\/p>\n\n\n\n<p><strong>M110 SILENT DISFRUTA DEL SONIDO DEL SILENCIO.<br>Tama\u00f1o normal, confortable, con cable, silencioso<br>Acaba todo tu trabajo sin perder el ritmo y sin molestar a los que te rodean.<br>Los silenciosos mouse SILENT ofrecen la misma sensaci\u00f3n de click pero sin el ruido, reducido en m\u00e1s de un 90%.<br>Un fluido bot\u00f3n rueda completa la silenciosa experiencia.<br>Los mouse SILENT eliminan el exceso de ruido a la vez que protegen la salud y la productividad de todos.<\/strong><\/p>\n<\/div><\/div>\n\n\n\n<div style=\"height:100px\" aria-hidden=\"true\" class=\"wp-block-spacer\"><\/div>\n\n\n\n<div style=\"height:100px\" aria-hidden=\"true\" class=\"wp-block-spacer\"><\/div>\n\n\n\n<p class=\"has-text-align-center\" style=\"font-size:30px\"><strong>GENIUS<\/strong><\/p>\n\n\n\n<p><\/p>\n\n\n\n<div class=\"wp-block-media-text alignwide has-media-on-the-right is-stacked-on-mobile\"><div class=\"wp-block-media-text__content\">\n<p><strong>GENIUS MH8015 INALAMBRICO<\/strong><\/p>\n\n\n\n<p><strong>Bater\u00eda NiMH recargable (Antes del primer uso, cargue completamente la bater\u00eda durante 10 horas ininterrumpidas)<\/strong><\/p>\n\n\n\n<p><strong>Mouse:<br>Unidad de sensor: Blue Eye<br>Cantidad de botones: Tres (izquierda, derecha y central con desplazamiento)<br>Resoluci\u00f3n (DPI): 800 &#8211; 1600<br>Frecuencia RF: 2.4GHz<\/strong><\/p>\n\n\n\n<p><strong>Auriculares:<br>Longitud de cable: 1.1 m<br>Conexi\u00f3n: Conector de 3,5 mm<br>Con Micr\u00f3fono: S\u00cd<\/strong><\/p>\n<\/div><figure class=\"wp-block-media-text__media\"><img loading=\"lazy\" decoding=\"async\" width=\"1024\" height=\"766\" src=\"https:\/\/casagoni.com.ar\/wp-content\/uploads\/2022\/08\/D_NQ_NP_2X_976386-MLA40569671247_012020-F-1024x766.webp\" alt=\"\" class=\"wp-image-266 size-full\" srcset=\"https:\/\/casagoni.com.ar\/wp-content\/uploads\/2022\/08\/D_NQ_NP_2X_976386-MLA40569671247_012020-F-1024x766.webp 1024w, https:\/\/casagoni.com.ar\/wp-content\/uploads\/2022\/08\/D_NQ_NP_2X_976386-MLA40569671247_012020-F-300x225.webp 300w, https:\/\/casagoni.com.ar\/wp-content\/uploads\/2022\/08\/D_NQ_NP_2X_976386-MLA40569671247_012020-F-768x575.webp 768w, https:\/\/casagoni.com.ar\/wp-content\/uploads\/2022\/08\/D_NQ_NP_2X_976386-MLA40569671247_012020-F-750x561.webp 750w, https:\/\/casagoni.com.ar\/wp-content\/uploads\/2022\/08\/D_NQ_NP_2X_976386-MLA40569671247_012020-F.webp 1200w\" sizes=\"auto, (max-width: 1024px) 100vw, 1024px\" \/><\/figure><\/div>\n\n\n\n<div style=\"height:100px\" aria-hidden=\"true\" class=\"wp-block-spacer\"><\/div>\n\n\n\n<p class=\"has-text-align-center\" style=\"font-size:30px\"><strong>VERBATIM<\/strong><\/p>\n\n\n\n<div class=\"wp-block-media-text alignwide has-media-on-the-right is-stacked-on-mobile\"><div class=\"wp-block-media-text__content\">\n<p><strong>VERBATIM GO NANO WIFI<\/strong><\/p>\n\n\n\n<p><strong>Tecnolog\u00eda de conectividad del dispositivo se\u00f1alador: Inal\u00e1mbrico<br>Tecnolog\u00eda inal\u00e1mbrica del dispositivo se\u00f1alador: Frecuencia de radio<br>Detecci\u00f3n de movimiento: \u00d3ptico<br>Resoluci\u00f3n de movimiento: 1600 ppp<br>Tipo de desplazamiento: Rueda de desplazamiento<br>Interfaces \/ Puertos<br>Interfaz de host del dispositivo se\u00f1alador: USB 2.0<br>Informaci\u00f3n de la bater\u00eda<br>Tama\u00f1o de la bater\u00eda compatible: AAA<br>Bater\u00eda incluida: S\u00ed<br>Caracter\u00edsticas f\u00edsicas Color: Blue<br>Diverso<br>Contenidos del paquete: Mini mouse inal\u00e1mbrico de viaje azul<br>Nano receptor<br>1 x bater\u00eda AAA<br>Gu\u00eda de inicio r\u00e1pido<br>Requisitos del sistema: Sistemas operativos: Windows 7, Windows Vista, Windows XP<\/strong><\/p>\n<\/div><figure class=\"wp-block-media-text__media\"><img loading=\"lazy\" decoding=\"async\" width=\"446\" height=\"500\" src=\"https:\/\/casagoni.com.ar\/wp-content\/uploads\/2022\/08\/D_NQ_NP_835954-MLA32986115010_112019-O.webp\" alt=\"\" class=\"wp-image-274 size-full\" srcset=\"https:\/\/casagoni.com.ar\/wp-content\/uploads\/2022\/08\/D_NQ_NP_835954-MLA32986115010_112019-O.webp 446w, https:\/\/casagoni.com.ar\/wp-content\/uploads\/2022\/08\/D_NQ_NP_835954-MLA32986115010_112019-O-268x300.webp 268w\" sizes=\"auto, (max-width: 446px) 100vw, 446px\" \/><\/figure><\/div>\n\n\n\n<p class=\"has-text-align-center has-x-large-font-size\"><strong>MICROSOFT<\/strong><\/p>\n\n\n\n<div class=\"wp-block-media-text alignwide has-media-on-the-right is-stacked-on-mobile\"><div class=\"wp-block-media-text__content\">\n<p class=\"has-medium-font-size\"><strong>Mouse Microsoft Souris<\/strong><\/p>\n\n\n\n<ul class=\"wp-block-list\">\n<li><strong>Es inal\u00e1mbrico.<\/strong><\/li>\n\n\n\n<li><strong>Puede conectarse a cualquier dispositivo a trav\u00e9s de Bluetooth.<\/strong><\/li>\n\n\n\n<li><strong>Tipo de alimentaci\u00f3n inal\u00e1mbrica: pilas.<\/strong><\/li>\n\n\n\n<li><strong>Posee rueda de desplazamiento.<\/strong><\/li>\n\n\n\n<li><strong>Con sensor \u00f3ptico.<\/strong><\/li>\n\n\n\n<li><strong>Resoluci\u00f3n de 1000ppp.<\/strong><\/li>\n\n\n\n<li><strong>Creado para llevar a todas partes.<\/strong><\/li>\n\n\n\n<li><strong>Control inteligente y navegaci\u00f3n f\u00e1cil.<\/strong><\/li>\n<\/ul>\n<\/div><figure class=\"wp-block-media-text__media\"><img loading=\"lazy\" decoding=\"async\" width=\"300\" height=\"500\" src=\"https:\/\/casagoni.com.ar\/wp-content\/uploads\/2023\/03\/D_NQ_NP_745759-MLA47177855268_082021-O.webp\" alt=\"\" class=\"wp-image-373 size-full\" srcset=\"https:\/\/casagoni.com.ar\/wp-content\/uploads\/2023\/03\/D_NQ_NP_745759-MLA47177855268_082021-O.webp 300w, https:\/\/casagoni.com.ar\/wp-content\/uploads\/2023\/03\/D_NQ_NP_745759-MLA47177855268_082021-O-180x300.webp 180w\" sizes=\"auto, (max-width: 300px) 100vw, 300px\" \/><\/figure><\/div>\n\n\n\n<div style=\"height:100px\" aria-hidden=\"true\" class=\"wp-block-spacer\"><\/div>\n\n\n\n<div class=\"wp-block-media-text alignwide is-stacked-on-mobile\"><figure class=\"wp-block-media-text__media\"><img loading=\"lazy\" decoding=\"async\" width=\"800\" height=\"800\" src=\"https:\/\/casagoni.com.ar\/wp-content\/uploads\/2023\/03\/MKT1396EMO-1.jpg\" alt=\"\" class=\"wp-image-374 size-full\" srcset=\"https:\/\/casagoni.com.ar\/wp-content\/uploads\/2023\/03\/MKT1396EMO-1.jpg 800w, https:\/\/casagoni.com.ar\/wp-content\/uploads\/2023\/03\/MKT1396EMO-1-300x300.jpg 300w, https:\/\/casagoni.com.ar\/wp-content\/uploads\/2023\/03\/MKT1396EMO-1-150x150.jpg 150w, https:\/\/casagoni.com.ar\/wp-content\/uploads\/2023\/03\/MKT1396EMO-1-768x768.jpg 768w, https:\/\/casagoni.com.ar\/wp-content\/uploads\/2023\/03\/MKT1396EMO-1-750x750.jpg 750w\" sizes=\"auto, (max-width: 800px) 100vw, 800px\" \/><\/figure><div class=\"wp-block-media-text__content\">\n<p class=\"has-medium-font-size\">Mouse Microsoft 1850<\/p>\n\n\n\n<p><strong> El mouse Microsoft Black 1850 tiene un moderno dise\u00f1o compacto y ambidiestro, que se ajusta a ambas manos y proporciona comodidad en cualquier direcci\u00f3n. Adem\u00e1s, posee rueda de desplazamiento en la parte superior, con la que podr\u00e1s desplazarte r\u00e1pidamente por documentos y p\u00e1ginas web. Por otro lado, gracias a sus dimensiones (100 mm de longitud x 58 mm de ancho), es ideal para que te acompa\u00f1e adonde vayas. Y su sistema nano transceptor Plug-And-Go, permite dejarlo conectado durante los desplazamientos o guardarlo en el espacio de almacenamiento que trae. Compatibilidad Es compatible con todos los sistemas operativos de Windows, Mac OS X y Android (con las versiones 4.2 y 3.2 tiene funcionalidad limitada), excepto con iOS 7 y 6. Alimentaci\u00f3n Su pila tiene una duraci\u00f3n de hasta 6 meses, por lo que podr\u00e1s utilizarlo durante todo este tiempo sin preocuparte de cambiarlas. Caracter\u00edsticas T\u00e9cnicas Datos tecnicos Dpi 1000 Otros Dimensiones: 100 mm de longitud x 58 mm de ancho Tipo de receptor Nano Cable No Rueda de desplazamiento S\u00ed Tipo de tecnologia Inal\u00e1mbrico Modelo y origen Modelo Wireless Mobile 1850 Negro<\/strong><\/p>\n<\/div><\/div>\n\n\n\n<p class=\"has-text-align-center has-x-large-font-size\"><strong>SEISA<\/strong><\/p>\n\n\n\n<div class=\"wp-block-media-text has-media-on-the-right is-stacked-on-mobile\"><div class=\"wp-block-media-text__content\">\n<p><strong>Mouse inal\u00e1mbrico Bluetooth<br>.Nano receptor USB<br>.Ajuste entre 800 a 1200 dpi<br>.2.4 GHZ<br>.Modalidad de ahorro de energ\u00eda<br>.Compatibilidad con Sistemas Windows 7\/8\/10<br>.Lleva 2 pilas AAA (no incluidas)<\/strong><\/p>\n<\/div><figure class=\"wp-block-media-text__media\"><img loading=\"lazy\" decoding=\"async\" width=\"299\" height=\"500\" src=\"https:\/\/casagoni.com.ar\/wp-content\/uploads\/2024\/10\/D_NQ_NP_675327-MLA72744333620_112023-O.webp\" alt=\"\" class=\"wp-image-511 size-full\" srcset=\"https:\/\/casagoni.com.ar\/wp-content\/uploads\/2024\/10\/D_NQ_NP_675327-MLA72744333620_112023-O.webp 299w, https:\/\/casagoni.com.ar\/wp-content\/uploads\/2024\/10\/D_NQ_NP_675327-MLA72744333620_112023-O-179x300.webp 179w\" sizes=\"auto, (max-width: 299px) 100vw, 299px\" \/><\/figure><\/div>\n\n\n\n<div style=\"height:100px\" aria-hidden=\"true\" class=\"wp-block-spacer\"><\/div>\n\n\n\n<div class=\"wp-block-media-text is-stacked-on-mobile\"><figure class=\"wp-block-media-text__media\"><img loading=\"lazy\" decoding=\"async\" width=\"500\" height=\"415\" src=\"https:\/\/casagoni.com.ar\/wp-content\/uploads\/2024\/10\/D_NQ_NP_717538-MLA77759317616_072024-O.webp\" alt=\"\" class=\"wp-image-512 size-full\" srcset=\"https:\/\/casagoni.com.ar\/wp-content\/uploads\/2024\/10\/D_NQ_NP_717538-MLA77759317616_072024-O.webp 500w, https:\/\/casagoni.com.ar\/wp-content\/uploads\/2024\/10\/D_NQ_NP_717538-MLA77759317616_072024-O-300x249.webp 300w\" sizes=\"auto, (max-width: 500px) 100vw, 500px\" \/><\/figure><div class=\"wp-block-media-text__content\">\n<p><strong>Modelo: 108<\/strong><\/p>\n\n\n\n<p><strong>Material: ABS.<br>Medidas: 10 cm x 6,5 cm.<br>Dpi: 1600.<br>Conexi\u00f3n: Usb inal\u00e1mbrico.<br>Receptor USB: Compatible con USB 4.0 \/ 3.0 \/ 2.0 \/ 1.0.<br>Frecuencia: 2.4GHz.<br>Sistemas operativos compatibles:<br>Windows 10, Windows 7, Windows 8, Windows Vista, Windows XP.<br>Alimentaci\u00f3n: 2 Pilas AAA (no incluidas).<\/strong><\/p>\n<\/div><\/div>\n\n\n\n<p class=\"has-text-align-center has-x-large-font-size\"><strong>MAXELL<\/strong><\/p>\n\n\n\n<div class=\"wp-block-media-text has-media-on-the-right is-stacked-on-mobile\"><div class=\"wp-block-media-text__content\">\n<p><strong>MOUSE INALAMBRICO OPTICO<br>MAXELL MOWL-100<\/strong><\/p>\n\n\n\n<p>&#8211; <strong>Mouse inal\u00e1mbrico b\u00e1sico \u00f3ptico<br>&#8211; Resoluci\u00f3n de 800 \/ 1200 \/ 1600 DPI<br>&#8211; Receptor USB, tecnolog\u00eda inal\u00e1mbrica 2.4GHz<br>&#8211; Dise\u00f1o curvo c\u00f3modo ergon\u00f3mico y liviano<br>&#8211; Textura anti resbalante<br>&#8211; Compartimiento interno para guardar el receptor USB<br>&#8211; Compatible con MAC y Windows<br>&#8211; Colores variados para elegir<br>&#8211; Empaque incluye Receptor USB<\/strong><\/p>\n<\/div><figure class=\"wp-block-media-text__media\"><img loading=\"lazy\" decoding=\"async\" width=\"500\" height=\"461\" src=\"https:\/\/casagoni.com.ar\/wp-content\/uploads\/2024\/10\/D_NQ_NP_746200-MLA74144690957_012024-O.webp\" alt=\"\" class=\"wp-image-515 size-full\" srcset=\"https:\/\/casagoni.com.ar\/wp-content\/uploads\/2024\/10\/D_NQ_NP_746200-MLA74144690957_012024-O.webp 500w, https:\/\/casagoni.com.ar\/wp-content\/uploads\/2024\/10\/D_NQ_NP_746200-MLA74144690957_012024-O-300x277.webp 300w\" sizes=\"auto, (max-width: 500px) 100vw, 500px\" \/><\/figure><\/div>\n\n\n\n<p class=\"has-text-align-center has-x-large-font-size\"><strong>DAEWOO<\/strong><\/p>\n\n\n\n<div class=\"wp-block-media-text is-stacked-on-mobile\"><figure class=\"wp-block-media-text__media\"><img loading=\"lazy\" decoding=\"async\" width=\"298\" height=\"500\" src=\"https:\/\/casagoni.com.ar\/wp-content\/uploads\/2024\/10\/D_NQ_NP_675343-MLU78645313018_092024-O.webp\" alt=\"\" class=\"wp-image-516 size-full\" srcset=\"https:\/\/casagoni.com.ar\/wp-content\/uploads\/2024\/10\/D_NQ_NP_675343-MLU78645313018_092024-O.webp 298w, https:\/\/casagoni.com.ar\/wp-content\/uploads\/2024\/10\/D_NQ_NP_675343-MLU78645313018_092024-O-179x300.webp 179w\" sizes=\"auto, (max-width: 298px) 100vw, 298px\" \/><\/figure><div class=\"wp-block-media-text__content\">\n<p>Modelo di141<\/p>\n\n\n\n<p>Es inal\u00e1mbrico.<\/p>\n\n\n\n<p>Orientaci\u00f3n de la mano: diestro.<\/p>\n\n\n\n<p>Con sensor \u00f3ptico.<\/p>\n\n\n\n<p>Resoluci\u00f3n de 1600dpi.<\/p>\n<\/div><\/div>\n\n\n\n<p class=\"has-text-align-center has-x-large-font-size\"><strong>SOLARMAX<\/strong><\/p>\n\n\n\n<div class=\"wp-block-media-text has-media-on-the-right is-stacked-on-mobile\"><div class=\"wp-block-media-text__content\">\n<p><strong>Mouse Optico MO201<br>Mouse 3 botones + Scroll USB Con cable<br>Resolucion: 800 dpi<br>Sensor: \u00d3ptico<br>Longitud del cable: 1.2m<\/strong><\/p>\n<\/div><figure class=\"wp-block-media-text__media\"><img loading=\"lazy\" decoding=\"async\" width=\"479\" height=\"500\" src=\"https:\/\/casagoni.com.ar\/wp-content\/uploads\/2024\/10\/D_NQ_NP_722005-MLA76966204763_062024-O.webp\" alt=\"\" class=\"wp-image-519 size-full\" srcset=\"https:\/\/casagoni.com.ar\/wp-content\/uploads\/2024\/10\/D_NQ_NP_722005-MLA76966204763_062024-O.webp 479w, https:\/\/casagoni.com.ar\/wp-content\/uploads\/2024\/10\/D_NQ_NP_722005-MLA76966204763_062024-O-287x300.webp 287w\" sizes=\"auto, (max-width: 479px) 100vw, 479px\" \/><\/figure><\/div>\n\n\n\n<p><\/p>\n","protected":false},"excerpt":{"rendered":"<p>LOGITECH LOGITECH M110 SILENT USB M110 SILENT DISFRUTA DEL SONIDO DEL SILENCIO.Tama\u00f1o normal, confortable, con cable, silenciosoAcaba todo tu trabajo sin perder el ritmo y sin molestar a los que te rodean.Los silenciosos mouse SILENT ofrecen la misma sensaci\u00f3n de click pero sin el ruido, reducido en m\u00e1s de un 90%.Un fluido bot\u00f3n rueda completa&hellip;<\/p>\n","protected":false},"author":1,"featured_media":0,"parent":0,"menu_order":0,"comment_status":"closed","ping_status":"closed","template":"","meta":{"footnotes":""},"class_list":["post-80","page","type-page","status-publish","hentry"],"_links":{"self":[{"href":"https:\/\/casagoni.com.ar\/index.php\/wp-json\/wp\/v2\/pages\/80","targetHints":{"allow":["GET"]}}],"collection":[{"href":"https:\/\/casagoni.com.ar\/index.php\/wp-json\/wp\/v2\/pages"}],"about":[{"href":"https:\/\/casagoni.com.ar\/index.php\/wp-json\/wp\/v2\/types\/page"}],"author":[{"embeddable":true,"href":"https:\/\/casagoni.com.ar\/index.php\/wp-json\/wp\/v2\/users\/1"}],"replies":[{"embeddable":true,"href":"https:\/\/casagoni.com.ar\/index.php\/wp-json\/wp\/v2\/comments?post=80"}],"version-history":[{"count":10,"href":"https:\/\/casagoni.com.ar\/index.php\/wp-json\/wp\/v2\/pages\/80\/revisions"}],"predecessor-version":[{"id":577,"href":"https:\/\/casagoni.com.ar\/index.php\/wp-json\/wp\/v2\/pages\/80\/revisions\/577"}],"wp:attachment":[{"href":"https:\/\/casagoni.com.ar\/index.php\/wp-json\/wp\/v2\/media?parent=80"}],"curies":[{"name":"wp","href":"https:\/\/api.w.org\/{rel}","templated":true}]}}