{"id":314,"date":"2022-08-22T19:39:57","date_gmt":"2022-08-22T19:39:57","guid":{"rendered":"https:\/\/casagoni.com.ar\/?page_id=314"},"modified":"2024-10-16T16:17:51","modified_gmt":"2024-10-16T16:17:51","slug":"redes","status":"publish","type":"page","link":"https:\/\/casagoni.com.ar\/index.php\/redes\/","title":{"rendered":"REDES"},"content":{"rendered":"\n<p class=\"has-text-align-center\" style=\"font-size:30px\"><strong>ROUTER<\/strong><\/p>\n\n\n\n<p><\/p>\n\n\n\n<div class=\"wp-block-media-text alignwide is-stacked-on-mobile\"><figure class=\"wp-block-media-text__media\"><img loading=\"lazy\" decoding=\"async\" width=\"568\" height=\"445\" src=\"https:\/\/casagoni.com.ar\/wp-content\/uploads\/2022\/08\/D_NQ_NP_624265-MLA43523477582_092020-W.jpg\" alt=\"\" class=\"wp-image-320 size-full\" srcset=\"https:\/\/casagoni.com.ar\/wp-content\/uploads\/2022\/08\/D_NQ_NP_624265-MLA43523477582_092020-W.jpg 568w, https:\/\/casagoni.com.ar\/wp-content\/uploads\/2022\/08\/D_NQ_NP_624265-MLA43523477582_092020-W-300x235.jpg 300w\" sizes=\"auto, (max-width: 568px) 100vw, 568px\" \/><\/figure><div class=\"wp-block-media-text__content\">\n<p><strong>ROUTER ALAMBRICO NOGANET S1060<\/strong><\/p>\n\n\n\n<p><strong>4 PUERTOS 100\/10<\/strong><\/p>\n<\/div><\/div>\n\n\n\n<div style=\"height:100px\" aria-hidden=\"true\" class=\"wp-block-spacer\"><\/div>\n\n\n\n<div class=\"wp-block-media-text alignwide has-media-on-the-right is-stacked-on-mobile\"><div class=\"wp-block-media-text__content\">\n<p><strong>ROUTER MERCURY 305 3 ANTENAS<\/strong><\/p>\n\n\n\n<figure class=\"wp-block-table\"><table><tbody><tr><th>Tipo de conexi\u00f3n<\/th><td>Inal\u00e1mbrica<\/td><\/tr><tr><th>Velocidad inal\u00e1mbrica<\/th><td>300 Mbps<\/td><\/tr><tr><th>Frecuencias<\/th><td>2.4 GHz<\/td><\/tr><tr><th>Tipo de frecuencia<\/th><td>Banda \u00fanica<\/td><\/tr><\/tbody><\/table><\/figure>\n<\/div><figure class=\"wp-block-media-text__media\"><img loading=\"lazy\" decoding=\"async\" width=\"360\" height=\"500\" src=\"https:\/\/casagoni.com.ar\/wp-content\/uploads\/2022\/08\/D_NQ_NP_796996-MLA51012368247_082022-O.webp\" alt=\"\" class=\"wp-image-321 size-full\" srcset=\"https:\/\/casagoni.com.ar\/wp-content\/uploads\/2022\/08\/D_NQ_NP_796996-MLA51012368247_082022-O.webp 360w, https:\/\/casagoni.com.ar\/wp-content\/uploads\/2022\/08\/D_NQ_NP_796996-MLA51012368247_082022-O-216x300.webp 216w\" sizes=\"auto, (max-width: 360px) 100vw, 360px\" \/><\/figure><\/div>\n\n\n\n<div style=\"height:100px\" aria-hidden=\"true\" class=\"wp-block-spacer\"><\/div>\n\n\n\n<div class=\"wp-block-media-text alignwide is-stacked-on-mobile\"><figure class=\"wp-block-media-text__media\"><img loading=\"lazy\" decoding=\"async\" width=\"387\" height=\"500\" src=\"https:\/\/casagoni.com.ar\/wp-content\/uploads\/2022\/08\/D_NQ_NP_835927-MLA40311848214_012020-O.webp\" alt=\"\" class=\"wp-image-322 size-full\" srcset=\"https:\/\/casagoni.com.ar\/wp-content\/uploads\/2022\/08\/D_NQ_NP_835927-MLA40311848214_012020-O.webp 387w, https:\/\/casagoni.com.ar\/wp-content\/uploads\/2022\/08\/D_NQ_NP_835927-MLA40311848214_012020-O-232x300.webp 232w\" sizes=\"auto, (max-width: 387px) 100vw, 387px\" \/><\/figure><div class=\"wp-block-media-text__content\">\n<p><strong>ROUTER TP LINK 841<\/strong><\/p>\n\n\n\n<ul class=\"wp-block-list\">\n<li><strong>Conexi\u00f3n inal\u00e1mbrica.<\/strong><\/li>\n\n\n\n<li><strong>Ofrece una velocidad de 300Mbps.<\/strong><\/li>\n\n\n\n<li><strong>Banda \u00fanica de 2.4 GHz.<\/strong><\/li>\n\n\n\n<li><strong>Posee 2 antenas externas.<\/strong><\/li>\n\n\n\n<li><strong>Tiene 5 puertos para conectarse.<\/strong><\/li>\n\n\n\n<li><strong>Con firewall integrado.<\/strong><\/li>\n\n\n\n<li><strong>Soporta los protocolos de seguridad SPI, WEP, WPA, WPA2, DMZ.<\/strong><\/li>\n\n\n\n<li><strong>Dimensiones: 227.5mm de ancho, 48.3mm de alto, 190mm de profundidad.<\/strong><\/li>\n\n\n\n<li><strong>Dispositivo que facilita conexi\u00f3n a la red.<\/strong><\/li>\n<\/ul>\n<\/div><\/div>\n\n\n\n<div style=\"height:100px\" aria-hidden=\"true\" class=\"wp-block-spacer\"><\/div>\n\n\n\n<div class=\"wp-block-media-text alignwide has-media-on-the-right is-stacked-on-mobile\"><div class=\"wp-block-media-text__content\">\n<p><strong>Inal\u00e1mbrico Mini Tp-link 150mbps Wr702n<\/strong><\/p>\n\n\n\n<p><strong>Velocidad de datos inal\u00e1mbricos de 150Mbps ideal para streamings de video, juegos en l\u00ednea y llamadas por internet<br>Peque\u00f1o &#8211; Ideal para uso en el hogar o de viaje<br>Soporta los modos AP (predeterminado), Client, Router, Repeater y Bridge<br>Toma la energ\u00eda de un micro puerto USB a trav\u00e9s de un adaptador de energ\u00eda externo o una conexi\u00f3n USB hacia la computadora<\/strong><\/p>\n<\/div><figure class=\"wp-block-media-text__media\"><img loading=\"lazy\" decoding=\"async\" width=\"500\" height=\"303\" src=\"https:\/\/casagoni.com.ar\/wp-content\/uploads\/2022\/08\/D_NQ_NP_911191-MLA40013191749_122019-O.webp\" alt=\"\" class=\"wp-image-327 size-full\" srcset=\"https:\/\/casagoni.com.ar\/wp-content\/uploads\/2022\/08\/D_NQ_NP_911191-MLA40013191749_122019-O.webp 500w, https:\/\/casagoni.com.ar\/wp-content\/uploads\/2022\/08\/D_NQ_NP_911191-MLA40013191749_122019-O-300x182.webp 300w\" sizes=\"auto, (max-width: 500px) 100vw, 500px\" \/><\/figure><\/div>\n\n\n\n<p class=\"has-text-align-center\" style=\"font-size:30px\"><\/p>\n\n\n\n<p><\/p>\n\n\n\n<p class=\"has-text-align-center\" style=\"font-size:30px\"><strong>ACCES POINT<\/strong><\/p>\n\n\n\n<p><\/p>\n\n\n\n<div class=\"wp-block-media-text alignwide has-media-on-the-right is-stacked-on-mobile\"><div class=\"wp-block-media-text__content\">\n<p><strong>Acces Point 54mbps High Power Wireless G Tp-link Tl-wa5110g<\/strong><\/p>\n\n\n\n<p><strong>Punto de Acceso Inal\u00e1mbrico de alta potencia de 54Mbps<br>Dise\u00f1o de alta potencia para aumentar la cobertura de la se\u00f1al y la velocidad del enlace<br>Energ\u00eda pasiva a trav\u00e9s de Ethernet para un despliegue flexible<br>Inal\u00e1mbrica de larga distancia compatible, hasta 50 km<br>Compatible con el modo WISP<\/strong><\/p>\n<\/div><figure class=\"wp-block-media-text__media\"><img loading=\"lazy\" decoding=\"async\" width=\"500\" height=\"500\" src=\"https:\/\/casagoni.com.ar\/wp-content\/uploads\/2022\/08\/D_NQ_NP_918161-MLA49934329044_052022-O.webp\" alt=\"\" class=\"wp-image-330 size-full\" srcset=\"https:\/\/casagoni.com.ar\/wp-content\/uploads\/2022\/08\/D_NQ_NP_918161-MLA49934329044_052022-O.webp 500w, https:\/\/casagoni.com.ar\/wp-content\/uploads\/2022\/08\/D_NQ_NP_918161-MLA49934329044_052022-O-300x300.webp 300w, https:\/\/casagoni.com.ar\/wp-content\/uploads\/2022\/08\/D_NQ_NP_918161-MLA49934329044_052022-O-150x150.webp 150w\" sizes=\"auto, (max-width: 500px) 100vw, 500px\" \/><\/figure><\/div>\n\n\n\n<div style=\"height:100px\" aria-hidden=\"true\" class=\"wp-block-spacer\"><\/div>\n\n\n\n<div class=\"wp-block-media-text alignwide is-stacked-on-mobile\"><figure class=\"wp-block-media-text__media\"><img loading=\"lazy\" decoding=\"async\" width=\"301\" height=\"500\" src=\"https:\/\/casagoni.com.ar\/wp-content\/uploads\/2022\/08\/D_NQ_NP_992518-MLA48160965735_112021-O.webp\" alt=\"\" class=\"wp-image-331 size-full\" srcset=\"https:\/\/casagoni.com.ar\/wp-content\/uploads\/2022\/08\/D_NQ_NP_992518-MLA48160965735_112021-O.webp 301w, https:\/\/casagoni.com.ar\/wp-content\/uploads\/2022\/08\/D_NQ_NP_992518-MLA48160965735_112021-O-181x300.webp 181w\" sizes=\"auto, (max-width: 301px) 100vw, 301px\" \/><\/figure><div class=\"wp-block-media-text__content\">\n<p><strong>Access point, Range extender, WMM TP-Link RE200 V5 blanco 220V<\/strong><\/p>\n\n\n\n<ul class=\"wp-block-list\">\n<li><strong>Ofrece una velocidad de 733Mbps.<\/strong><\/li>\n\n\n\n<li><strong>Banda doble de 2.4 GHz y 5 GHz.<\/strong><\/li>\n\n\n\n<li><strong>Posee 3 antenas internas.<\/strong><\/li>\n\n\n\n<li><strong>Tiene 1 puerto para conectarse.<\/strong><\/li>\n\n\n\n<li><strong>Soporta los protocolos de seguridad WPS, WEP, WPA, WPA2.<\/strong><\/li>\n\n\n\n<li><strong>Dimensiones: 65.8mm de ancho, 110mm de alto, 38.8mm de profundidad.<\/strong><\/li>\n\n\n\n<li><strong>Dispositivo que facilita conexi\u00f3n a la red.<\/strong><\/li>\n<\/ul>\n<\/div><\/div>\n\n\n\n<div class=\"wp-block-media-text alignwide has-media-on-the-right is-stacked-on-mobile\"><div class=\"wp-block-media-text__content\">\n<p><strong>Adaptador Usb Wifi Tp Link Tl-wn823n 300mbps Mini 823n<\/strong><\/p>\n\n\n\n<ul class=\"wp-block-list\">\n<li><strong>Tecnolog\u00eda de conectividad: WLAN<\/strong><\/li>\n\n\n\n<li><strong>Tasa de transferencia de datos: 300 MB\/s<\/strong><\/li>\n<\/ul>\n\n\n\n<ul class=\"wp-block-list\">\n<li><strong>Interfaz<\/strong>: USB<\/li>\n\n\n\n<li><strong>Con indicador LED<\/strong>: S\u00ed<\/li>\n<\/ul>\n\n\n\n<ul class=\"wp-block-list\">\n<li><strong>Est\u00e1ndares<\/strong>: <strong>IEEE 802.11b\/IEEE 802.11g\/IEEE 802.11n<\/strong><\/li>\n\n\n\n<li><strong>Bot\u00f3n<\/strong>: WPS<\/li>\n<\/ul>\n\n\n\n<ul class=\"wp-block-list\">\n<li><strong>Seguridad inal\u00e1mbrica: 64\/128-BIT WEP \/ WPA-PSK \/ WPA2-PSK \/ WPA \/ WPA2<\/strong><\/li>\n\n\n\n<li><strong>Modos inal\u00e1mbricos: Soft AP \/ Cliente (red Ad hoc \/ Modo infrastructura)<\/strong><\/li>\n<\/ul>\n\n\n\n<ul class=\"wp-block-list\">\n<li><strong>Sensibilidad de recepci\u00f3n: 300M: -65dBm@10% PER\/270M: -65dBm@10% PER\/130M: -68dBm@10% PER\/108M: -68dBm@10% PER\/54M: -72dBm@10% PER\/11M: -85dBm@8% PER\/6M: -87dBm@10% PER\/1M:-93dBm@8% PER<\/strong><\/li>\n\n\n\n<li><strong>Tipos de frecuencias: 2.4<\/strong><\/li>\n<\/ul>\n<\/div><figure class=\"wp-block-media-text__media\"><img loading=\"lazy\" decoding=\"async\" width=\"500\" height=\"375\" src=\"https:\/\/casagoni.com.ar\/wp-content\/uploads\/2022\/08\/D_NQ_NP_715758-MLA40148598743_122019-O.webp\" alt=\"\" class=\"wp-image-336 size-full\" srcset=\"https:\/\/casagoni.com.ar\/wp-content\/uploads\/2022\/08\/D_NQ_NP_715758-MLA40148598743_122019-O.webp 500w, https:\/\/casagoni.com.ar\/wp-content\/uploads\/2022\/08\/D_NQ_NP_715758-MLA40148598743_122019-O-300x225.webp 300w\" sizes=\"auto, (max-width: 500px) 100vw, 500px\" \/><\/figure><\/div>\n\n\n\n<div style=\"height:100px\" aria-hidden=\"true\" class=\"wp-block-spacer\"><\/div>\n\n\n\n<div class=\"wp-block-media-text is-stacked-on-mobile\"><figure class=\"wp-block-media-text__media\"><img loading=\"lazy\" decoding=\"async\" width=\"824\" height=\"803\" src=\"https:\/\/casagoni.com.ar\/wp-content\/uploads\/2023\/09\/s-l1600.png\" alt=\"\" class=\"wp-image-400 size-full\" srcset=\"https:\/\/casagoni.com.ar\/wp-content\/uploads\/2023\/09\/s-l1600.png 824w, https:\/\/casagoni.com.ar\/wp-content\/uploads\/2023\/09\/s-l1600-300x292.png 300w, https:\/\/casagoni.com.ar\/wp-content\/uploads\/2023\/09\/s-l1600-768x748.png 768w, https:\/\/casagoni.com.ar\/wp-content\/uploads\/2023\/09\/s-l1600-750x731.png 750w\" sizes=\"auto, (max-width: 824px) 100vw, 824px\" \/><\/figure><div class=\"wp-block-media-text__content\">\n<p><strong>BELKIN N600 DUAL BAND<\/strong><\/p>\n\n\n\n<h3 class=\"wp-block-heading\">Caracter\u00edsticas generales<\/h3>\n\n\n\n<figure class=\"wp-block-table\"><table><tbody><tr><th>Marca<\/th><td>Belkin<\/td><\/tr><tr><th>L\u00ednea<\/th><td>N600 DB<\/td><\/tr><tr><th>Modelo<\/th><td>F9K1102<\/td><\/tr><tr><th>Funciones<\/th><td>Router<\/td><\/tr><\/tbody><\/table><\/figure>\n\n\n\n<h3 class=\"wp-block-heading\">Especificaciones<\/h3>\n\n\n\n<figure class=\"wp-block-table\"><table><tbody><tr><th>Organismo de certificaci\u00f3n (OCP)<\/th><td>IRAM Instituto Argentino de Normalizaci\u00f3n y Certificaci\u00f3n<\/td><\/tr><\/tbody><\/table><\/figure>\n\n\n\n<h3 class=\"wp-block-heading\">Conexi\u00f3n y velocidad<\/h3>\n\n\n\n<figure class=\"wp-block-table\"><table><tbody><tr><th>Tipos de conexiones<\/th><td>Inal\u00e1mbrica<\/td><\/tr><tr><th>Velocidad inal\u00e1mbrica<\/th><td>600 Mbps<\/td><\/tr><tr><th>Frecuencias<\/th><td>2.4 GHz,5 GHz<\/td><\/tr><tr><th>Tipo de frecuencia<\/th><td>Banda dob<\/td><\/tr><\/tbody><\/table><\/figure>\n<\/div><\/div>\n","protected":false},"excerpt":{"rendered":"<p>ROUTER ROUTER ALAMBRICO NOGANET S1060 4 PUERTOS 100\/10 ROUTER MERCURY 305 3 ANTENAS Tipo de conexi\u00f3n Inal\u00e1mbrica Velocidad inal\u00e1mbrica 300 Mbps Frecuencias 2.4 GHz Tipo de frecuencia Banda \u00fanica Inal\u00e1mbrico Mini Tp-link 150mbps Wr702n Velocidad de datos inal\u00e1mbricos de 150Mbps ideal para streamings de video, juegos en l\u00ednea y llamadas por internetPeque\u00f1o &#8211; Ideal para&hellip;<\/p>\n","protected":false},"author":1,"featured_media":0,"parent":0,"menu_order":0,"comment_status":"closed","ping_status":"closed","template":"","meta":{"footnotes":""},"class_list":["post-314","page","type-page","status-publish","hentry"],"_links":{"self":[{"href":"https:\/\/casagoni.com.ar\/index.php\/wp-json\/wp\/v2\/pages\/314","targetHints":{"allow":["GET"]}}],"collection":[{"href":"https:\/\/casagoni.com.ar\/index.php\/wp-json\/wp\/v2\/pages"}],"about":[{"href":"https:\/\/casagoni.com.ar\/index.php\/wp-json\/wp\/v2\/types\/page"}],"author":[{"embeddable":true,"href":"https:\/\/casagoni.com.ar\/index.php\/wp-json\/wp\/v2\/users\/1"}],"replies":[{"embeddable":true,"href":"https:\/\/casagoni.com.ar\/index.php\/wp-json\/wp\/v2\/comments?post=314"}],"version-history":[{"count":7,"href":"https:\/\/casagoni.com.ar\/index.php\/wp-json\/wp\/v2\/pages\/314\/revisions"}],"predecessor-version":[{"id":526,"href":"https:\/\/casagoni.com.ar\/index.php\/wp-json\/wp\/v2\/pages\/314\/revisions\/526"}],"wp:attachment":[{"href":"https:\/\/casagoni.com.ar\/index.php\/wp-json\/wp\/v2\/media?parent=314"}],"curies":[{"name":"wp","href":"https:\/\/api.w.org\/{rel}","templated":true}]}}